 k - 3. Let p(w) = -5*w**2 + 3*w + 11. Let q(j) = -9*o(j) - 2*p(j). Let g be q(-4). Is l(g) prime?
False
Suppose 0 = -3*c - 0*f - 4*f + 75, -14 = -c - 5*f. Let k be 26*(3 - 2) + 0. Let o = c + k. Is o a prime number?
False
Let f be 111*(8/(-6) - -3). Let l = f + -28. Is l composite?
False
Suppose 18 = -3*j - 18. Let z be 9/j*(-8)/2. Suppose 5*h - 580 = -z*a, 0 = 3*h + a - 3*a - 367. Is h a composite number?
True
Let k(s) = 412*s + 15. Is k(11) composite?
False
Suppose 0*o - 5*o = -245. Is o prime?
False
Let f be ((-1)/(-3))/((-2)/12). Is 134*f/(-12)*3 a prime number?
True
Suppose -6 = 2*q, 2*q = 4*v + v + 189. Let i = -20 - v. Is i a composite number?
False
Let a be (-40 - -1)/(-3) + 2. Suppose 0*y - 2*y + 3*f + 239 = 0, 3*f = a. Is y prime?
True
Let v(s) = 11*s**2 - 11*s + 1. Is v(10) composite?
False
Suppose 5*d = 2449 + 14376. Is d a composite number?
True
Suppose 7241 = 3*s - 4627. Is s/16 - 1/4 prime?
False
Suppose 31*d = 33*d - 78. Is d composite?
True
Is (6/9)/(6/6849) a composite number?
False
Let z(a) = 19*a**2 - 4*a - 5. Let u(d) = 20*d**2 - 3*d - 4. Let i(o) = 4*u(o) - 3*z(o). Is i(1) a composite number?
True
Let f(y) = -y**2 - 13*y + 4. Suppose 4*j + 24 = -5*a, -8 = -5*a + 3*a. Is f(j) composite?
True
Suppose -2*j - 3*u - 927 = -5*j, 5*j = -u + 1545. Is j composite?
True
Let a be -8*(6/(-4))/3. Suppose -2*d = -5*y + 957, -951 = 2*y - 7*y - a*d. Is y a prime number?
True
Suppose -4*m - m - x + 1646 = 0, 4*x + 983 = 3*m. Is m composite?
True
Suppose 3*s - 8*s + 20 = 0. Let d(u) = u**3 + 6*u**2 + 1. Let w(k) = 2*k**3 + 7*k**2 - k + 2. Let l(c) = 3*d(c) - 2*w(c). Is l(s) a composite number?
False
Suppose -5*h + 7 = -3, 0 = -4*j - 3*h + 1714. Is j composite?
True
Let h = 93 + -41. Suppose h + 101 = 4*a - s, 86 = 3*a + 5*s. Is a composite?
False
Suppose 5679 = 7*f + 2*f. Is f composite?
False
Let p(q) = 84*q + 7. Let z(h) = -28*h - 2. Let a(r) = 3*p(r) + 8*z(r). Let s(l) = -l**3 - 6*l**2 + 7*l + 5. Let b be s(-7). Is a(b) composite?
True
Suppose 0 = 4*u - 11 - 5. Let r(s) = 0 - 2 + 11*s**2 - 1 + 3*s. Is r(u) composite?
True
Let a(d) = -4*d + d + 4*d. Let g be a(4). Suppose -g*m + 185 = m. Is m a prime number?
True
Let r(f) = 24*f + 6. Let y be r(5). Let s = y + -79. Is s composite?
False
Let i(r) = r**3 - 6*r**2 + r - 5. Let n be i(6). Is n/(690/(-231) - -3) prime?
False
Let j(c) = c**2 + 5*c + 6. Let q(v) = -v**3 + v**2 + 10*v + 13. Let y(p) = -5*j(p) + 2*q(p). Is y(-3) a prime number?
False
Suppose 2*m - 649 + 11 = 0. Is m a prime number?
False
Let f(z) = -z**3 - 8*z**2 - 8*z - 7. Let n be f(-7). Let l(o) be the first derivative of -o**2/2 + 89*o - 6. Is l(n) a prime number?
True
Let o = 2 - 9. Let c(f) = -36*f - 1. Is c(o) prime?
True
Let l(d) be the second derivative of -d**5/20 - d**4/2 + d**2 - d. Let m be l(-6). Is m*(-2 - (-117)/6) a composite number?
True
Suppose -39 = 3*b + 3*g - 9, -6 = 3*g. Let p = b - -4. Is p/(-16) + 523/4 a prime number?
True
Suppose 5*p - 27 = 23. Is 826/p + (-2)/(-5) prime?
True
Let p(o) = o**2 + 2*o - 3 + 1 + 2*o. Let x be p(-4). Is (-1868)/(-8) - (-1)/x composite?
False
Let j = -307 + 642. Let x = j - 132. Is x prime?
False
Let i be 726/12*(-1 - 1). Let s be i*1/(-2)*-2. Let z = -38 - s. Is z a prime number?
True
Suppose 2*a - 325 = -3*a - 2*o, -a = -3*o - 82. Suppose -b + d + a = 5*d, 0 = 4*b + 2*d - 226. Let f = b - 36. Is f a composite number?
False
Suppose 28991 = 3*t - 5*m, 0 = -4*m + 8. Is t composite?
True
Let k = -272 + 718. Is k composite?
True
Let q(j) = -j**3 - 6*j**2 - 11*j - 17. Let y = 9 + -16. Is q(y) a composite number?
False
Let u be (0 - 2/(-6))*213. Let j = 122 - u. Is j a composite number?
True
Let x be 30 + (4/2)/(-2). Let i = -8 + x. Is i a prime number?
False
Let o = -10 - -13. Suppose 5*s - s = -q + 1801, 5*s - o*q = 2230. Is s a prime number?
True
Let o(m) = m + 149. Is o(0) a composite number?
False
Suppose 0 = -2*w - 4, 4*x - x + 2*w = 3767. Is x a prime number?
False
Let d = 272 - 82. Let f = -113 + d. Is f a prime number?
False
Let w = -1754 + 3193. Is w composite?
False
Let b = 227 - 78. Is b a prime number?
True
Let v(n) = -n**2 + 49. Let u be 0/((-3)/(4 - 1)). Is v(u) a prime number?
False
Let p(o) = o**3 - 23*o**2 + 25*o + 8. Is p(22) a prime number?
False
Let k = 6 - 8. Let j(i) = 3*i + 2. Let p be j(k). Is (-353)/(-9) - p/(-18) a prime number?
False
Suppose -4*t = 2*i - 5 + 159, 3*i - 73 = 2*t. Let v = -19 - t. Is v prime?
True
Let t(l) = -5*l**3 + l**2 + 2*l**2 - 1 + l + 0*l + l. Is t(-2) a prime number?
True
Suppose 4*g - 2*g - 112 = 0. Let r = g - -11. Is r prime?
True
Let v = 154 - -235. Let d = 218 + 44. Let x = v - d. Is x composite?
False
Suppose -g + 168 = -7*p + 4*p, 679 = 4*g - 5*p. Suppose 5*l = -v + l + 191, v - g = l. Suppose 5*x + 4*y - v = 0, 0 = y - 0*y - 5. Is x a composite number?
False
Is 2733/((1 - -1) + 1) composite?
False
Suppose -f - 8 = 3*d - 8*d, -3*f - 3*d = -12. Let y be 1278/12*(-240)/9. Is y/(-18) - f/(-9) a prime number?
False
Let a(h) = 8*h**2 - 2*h**2 - 2*h**2 + 6*h**2 + 5 - 6*h. Is a(4) prime?
False
Suppose 11*k - 6*k = 5385. Suppose -k = -5*f - 152. Is f a composite number?
True
Suppose 0 = -3*h - 0*t + t + 19, -9 = -h + t. Let k = -2 - -6. Suppose -f + y = h*y - 143, f = k*y + 167. Is f a composite number?
True
Let v be ((-20)/(-6))/(4/6). Suppose d - v*y = -20, 2*d + 4*y = 11 + 5. Suppose -2*l - 3*l + 335 = d. Is l composite?
False
Let d = -5 - 21. Let q = 115 + d. Is q a prime number?
True
Let h(v) = 8*v**2 + 4*v - 3. Let c be (-4)/(-3) - 6/(-9). Suppose 3*k + 2 - 7 = 5*d, 3*d + c*k = 16. Is h(d) prime?
True
Let c(x) = 9*x**2 + 7*x. Let a be c(8). Suppose -o - 3*o + a = 0. Is o/3 - 1/(-3) composite?
False
Let n(r) = r**3 - 5*r**2 - 5*r. Let d be n(6). Suppose -c + d = c. Suppose 2*l = 5*h - 0*l - 65, -2*l + 39 = c*h. Is h composite?
False
Is 2/(((-70)/(-5365))/7) a prime number?
False
Let c(q) = 3 + 5 + 2*q - 3*q**2 + 2*q**2. Let n be c(-7). Let t = -32 - n. Is t a prime number?
True
Let x = -9 + 14. Suppose -8 = 4*b, 0*d + 2*d - x*b = 36. Is d a composite number?
False
Let s(y) be the third derivative of 163*y**5/60 - y**4/24 - y**3/6 - 2*y**2. Is s(-1) a prime number?
True
Suppose -p + w + 34 = 0, 0 = -3*p - 0*w - 4*w + 130. Let j = 57 - p. Is j a composite number?
False
Let w(q) = -q**2 + 4*q - 3. Suppose -6 = -a - a. Let g be w(a). Suppose -3*u = 2*d + 3*d - 35, d + u - 7 = g. Is d composite?
False
Let p(g) be the second derivative of -g**5/20 - g**4/12 - g**3/6 + 3*g**2/2 - g. Let c be p(0). Suppose 5 = c*j - 4. Is j composite?
False
Suppose 4*c = -12, 3*c + 2 = 2*u - 325. Is u composite?
True
Is -3 + 3 + -4 + 671 composite?
True
Is 30 - (-2 - (0 + 2)) a composite number?
True
Let q = 800 - 483. Is q a prime number?
True
Let i(d) = 4*d**2 + d + 2. Is i(-7) composite?
False
Let g(a) = a**2 + 4*a - 7. Let z(v) = -v**2 - 8*v - 7. Let n be z(-5). Let h = n + -2. Is g(h) prime?
True
Let j = 37 + -14. Is j composite?
False
Suppose 3*j - 5*j - 6 = 3*s, -5*s - 15 = 5*j. Suppose s = 5*a + t - 45, 4*t = -4*a - 0*a + 20. Suppose -z + 65 = a. Is z prime?
False
Let k = -97 + 157. Suppose 5*h - k = -0*h. Is (-26)/3*h/(-4) prime?
False
Let y(n) = 1307*n - 22. Is y(3) a composite number?
True
Suppose 5*t - 18 = 27. Is t prime?
False
Let z be (-2)/3 - (-7)/(-3). Let a = z + 6. Suppose -a*b + 129 = -4*s, -268 = -4*b + 4*s - 100. Is b prime?
False
Suppose t + 4*w + 20 = 0, -t = 2*w - 3 + 13. Suppose 2*u = 4*b + 30, 0 = u + 2*u + b - 45. Suppose t = v - u - 146. Is v a composite number?
True
Suppose 20 = 5*c, -u - 2*u - 3*c + 15 = 0. Let p be u*(1 - -22 - -1). Let i = p - -15. Is i prime?
False
Suppose 2*j = 4 + 4. Suppose -78 = -j*m - 14. Suppose o = m - 2. Is o prime?
False
Suppose 0 = 3*z + 4*d - 24, 5*z - 2*d + 3*d = 57. Suppose -6*p + z = -2*p. Suppose -p*v + 6 = -24. Is v composite?
True
Let b(y) = 7*y**2 - y + 9. Is b(5) composite?
False
Let y = -7 + 12. Suppose -3*x = -y*x + 2534. Is x a composite number?
True
Suppose 0 = 5*h - 21887 - 27468. Is h a composite number?
False
Let a = -5 + 8. Let t(j) = -7*j + 1 - 6*j**a - 7*j**2 + j**3 + 6*j**3. Is t(8) a composite number?
True
Suppose 6*c + b = 2*c + 1145, 4*b - 1423 = -5*c. Is c a prime number?
False
Let a = 5 + -3. Let f be a/3*1*3. Suppose v = 3*x - 71, -45 = -3*x - f*v + 20. Is x a